{"id":1184,"date":"2025-12-15T17:31:54","date_gmt":"2025-12-15T17:31:54","guid":{"rendered":"https:\/\/corodeninosdesanjuan.org\/?page_id=1184"},"modified":"2025-12-15T17:32:16","modified_gmt":"2025-12-15T17:32:16","slug":"exalumnos-del-coro-de-ninos-de-san-juan","status":"publish","type":"page","link":"https:\/\/corodeninosdesanjuan.org\/?page_id=1184","title":{"rendered":"Exalumnos del Coro de Ni\u00f1os de San Juan"},"content":{"rendered":"\t\t<div data-elementor-type=\"wp-page\" data-elementor-id=\"1184\" class=\"elementor elementor-1184\" data-elementor-post-type=\"page\">\n\t\t\t\t<div class=\"elementor-element elementor-element-94c318b e-flex e-con-boxed e-con e-parent\" data-id=\"94c318b\" data-element_type=\"container\">\n\t\t\t\t\t<div class=\"e-con-inner\">\n\t\t\t\t<div class=\"elementor-element elementor-element-df95c45 elementor-widget elementor-widget-image\" data-id=\"df95c45\" data-element_type=\"widget\" data-widget_type=\"image.default\">\n\t\t\t\t<div class=\"elementor-widget-container\">\n\t\t\t\t\t\t\t\t\t\t\t\t\t\t\t<img fetchpriority=\"high\" decoding=\"async\" width=\"800\" height=\"577\" src=\"https:\/\/corodeninosdesanjuan.org\/wp-content\/uploads\/2025\/11\/508179603_10099644370128259_2689169555004831925_n.jpg\" class=\"attachment-large size-large wp-image-771\" alt=\"\" srcset=\"https:\/\/corodeninosdesanjuan.org\/wp-content\/uploads\/2025\/11\/508179603_10099644370128259_2689169555004831925_n.jpg 958w, https:\/\/corodeninosdesanjuan.org\/wp-content\/uploads\/2025\/11\/508179603_10099644370128259_2689169555004831925_n-300x216.jpg 300w, https:\/\/corodeninosdesanjuan.org\/wp-content\/uploads\/2025\/11\/508179603_10099644370128259_2689169555004831925_n-768x554.jpg 768w, https:\/\/corodeninosdesanjuan.org\/wp-content\/uploads\/2025\/11\/508179603_10099644370128259_2689169555004831925_n-600x433.jpg 600w\" sizes=\"(max-width: 800px) 100vw, 800px\" \/>\t\t\t\t\t\t\t\t\t\t\t\t\t\t\t<\/div>\n\t\t\t\t<\/div>\n\t\t\t\t\t<\/div>\n\t\t\t\t<\/div>\n\t\t<div class=\"elementor-element elementor-element-ac8f0b3 e-flex e-con-boxed e-con e-parent\" data-id=\"ac8f0b3\" data-element_type=\"container\">\n\t\t\t\t\t<div class=\"e-con-inner\">\n\t\t\t\t<div class=\"elementor-element elementor-element-8b25a99 elementor-widget elementor-widget-text-editor\" data-id=\"8b25a99\" data-element_type=\"widget\" data-widget_type=\"text-editor.default\">\n\t\t\t\t<div class=\"elementor-widget-container\">\n\t\t\t\t\t\t\t\t\t<p style=\"caret-color: #000000; color: #000000;\" data-start=\"394\" data-end=\"591\">El Coro de Ni\u00f1os de San Juan (CNSJ) ha sido, por casi seis d\u00e9cadas, un espacio de formaci\u00f3n musical, humana y art\u00edstica que ha marcado la vida de miles de ni\u00f1os y j\u00f3venes en Puerto Rico y el mundo.<\/p><p style=\"caret-color: #000000; color: #000000;\" data-start=\"593\" data-end=\"936\">Queremos\u00a0<strong data-start=\"602\" data-end=\"639\">reconectar con nuestros exalumnos<\/strong>\u00a0y mantener viva esta comunidad que forma parte esencial de nuestro legado.<br data-start=\"714\" data-end=\"717\" \/>Si fuiste parte del Coro de Ni\u00f1os de San Juan, te invitamos a completar el siguiente formulario para mantenernos en contacto, compartir noticias, iniciativas especiales, encuentros de exalumnos y futuras colaboraciones.<\/p><p data-start=\"593\" data-end=\"936\"><strong data-start=\"941\" data-end=\"973\">Completa el formulario aqu\u00ed:<\/strong><\/p>\t\t\t\t\t\t\t\t<\/div>\n\t\t\t\t<\/div>\n\t\t\t\t\t<\/div>\n\t\t\t\t<\/div>\n\t\t<div class=\"elementor-element elementor-element-0461670 e-flex e-con-boxed e-con e-parent\" data-id=\"0461670\" data-element_type=\"container\">\n\t\t\t\t\t<div class=\"e-con-inner\">\n\t\t\t\t<div class=\"elementor-element elementor-element-857910d elementor-widget elementor-widget-button\" data-id=\"857910d\" data-element_type=\"widget\" data-widget_type=\"button.default\">\n\t\t\t\t<div class=\"elementor-widget-container\">\n\t\t\t\t\t\t\t\t\t<div class=\"elementor-button-wrapper\">\n\t\t\t\t\t<a class=\"elementor-button elementor-button-link elementor-size-sm\" href=\"https:\/\/docs.google.com\/forms\/d\/e\/1FAIpQLSc8V1omLre7ul1Ec6cdbsCgF0rGP-NJ2kJb22b308ODhLLu6Q\/viewform\">\n\t\t\t\t\t\t<span class=\"elementor-button-content-wrapper\">\n\t\t\t\t\t\t\t\t\t<span class=\"elementor-button-text\">Formulario de Exalumnos del CNSJ<\/span>\n\t\t\t\t\t<\/span>\n\t\t\t\t\t<\/a>\n\t\t\t\t<\/div>\n\t\t\t\t\t\t\t\t<\/div>\n\t\t\t\t<\/div>\n\t\t\t\t\t<\/div>\n\t\t\t\t<\/div>\n\t\t\t\t<\/div>\n\t\t\n    <div class=\"xs_social_share_widget xs_share_url after_content \t\tmain_content  wslu-style-1 wslu-share-box-shaped wslu-fill-colored wslu-none wslu-share-horizontal wslu-theme-font-no wslu-main_content\">\n\n\t\t\n        <ul>\n\t\t\t        <\/ul>\n    <\/div> \n","protected":false},"excerpt":{"rendered":"<p>El Coro de Ni\u00f1os de San Juan (CNSJ) ha sido, por casi seis d\u00e9cadas, un espacio de formaci\u00f3n musical, humana y art\u00edstica que ha marcado la vida de miles de ni\u00f1os y j\u00f3venes en Puerto Rico y el mundo. Queremos\u00a0reconectar con nuestros exalumnos\u00a0y mantener viva esta comunidad que forma parte esencial de nuestro legado.Si fuiste [&hellip;]<\/p>\n","protected":false},"author":3,"featured_media":0,"parent":0,"menu_order":0,"comment_status":"closed","ping_status":"closed","template":"","meta":{"postBodyCss":"","postBodyMargin":[],"postBodyPadding":[],"postBodyBackground":{"backgroundType":"classic","gradient":""},"footnotes":""},"class_list":["post-1184","page","type-page","status-publish","hentry"],"_links":{"self":[{"href":"https:\/\/corodeninosdesanjuan.org\/index.php?rest_route=\/wp\/v2\/pages\/1184","targetHints":{"allow":["GET"]}}],"collection":[{"href":"https:\/\/corodeninosdesanjuan.org\/index.php?rest_route=\/wp\/v2\/pages"}],"about":[{"href":"https:\/\/corodeninosdesanjuan.org\/index.php?rest_route=\/wp\/v2\/types\/page"}],"author":[{"embeddable":true,"href":"https:\/\/corodeninosdesanjuan.org\/index.php?rest_route=\/wp\/v2\/users\/3"}],"replies":[{"embeddable":true,"href":"https:\/\/corodeninosdesanjuan.org\/index.php?rest_route=%2Fwp%2Fv2%2Fcomments&post=1184"}],"version-history":[{"count":4,"href":"https:\/\/corodeninosdesanjuan.org\/index.php?rest_route=\/wp\/v2\/pages\/1184\/revisions"}],"predecessor-version":[{"id":1188,"href":"https:\/\/corodeninosdesanjuan.org\/index.php?rest_route=\/wp\/v2\/pages\/1184\/revisions\/1188"}],"wp:attachment":[{"href":"https:\/\/corodeninosdesanjuan.org\/index.php?rest_route=%2Fwp%2Fv2%2Fmedia&parent=1184"}],"curies":[{"name":"wp","href":"https:\/\/api.w.org\/{rel}","templated":true}]}}

Exalumnos del Coro de Niños de San Juan

<div data-elementor-type="wp-page" data-elementor-id="1184" class="elementor elementor-1184" data-elementor-post-type="page">
				<div class="elementor-element elementor-element-94c318b e-flex e-con-boxed e-con e-parent" data-id="94c318b" data-element_type="container">
					<div class="e-con-inner">
				<div class="elementor-element elementor-element-df95c45 elementor-widget elementor-widget-image" data-id="df95c45" data-element_type="widget" data-widget_type="image.default">
				<div class="elementor-widget-container">
															<img fetchpriority="high" decoding="async" width="800" height="577" src="https://corodeninosdesanjuan.org/wp-content/uploads/2025/11/508179603_10099644370128259_2689169555004831925_n.jpg" class="attachment-large size-large wp-image-771" alt="" srcset="https://corodeninosdesanjuan.org/wp-content/uploads/2025/11/508179603_10099644370128259_2689169555004831925_n.jpg 958w, https://corodeninosdesanjuan.org/wp-content/uploads/2025/11/508179603_10099644370128259_2689169555004831925_n-300x216.jpg 300w, https://corodeninosdesanjuan.org/wp-content/uploads/2025/11/508179603_10099644370128259_2689169555004831925_n-768x554.jpg 768w, https://corodeninosdesanjuan.org/wp-content/uploads/2025/11/508179603_10099644370128259_2689169555004831925_n-600x433.jpg 600w" sizes="(max-width: 800px) 100vw, 800px" />															</div>
				</div>
					</div>
				</div>
		<div class="elementor-element elementor-element-ac8f0b3 e-flex e-con-boxed e-con e-parent" data-id="ac8f0b3" data-element_type="container">
					<div class="e-con-inner">
				<div class="elementor-element elementor-element-8b25a99 elementor-widget elementor-widget-text-editor" data-id="8b25a99" data-element_type="widget" data-widget_type="text-editor.default">
				<div class="elementor-widget-container">
									<p style="caret-color: #000000; color: #000000;" data-start="394" data-end="591">El Coro de Niños de San Juan (CNSJ) ha sido, por casi seis décadas, un espacio de formación musical, humana y artística que ha marcado la vida de miles de niños y jóvenes en Puerto Rico y el mundo.</p><p style="caret-color: #000000; color: #000000;" data-start="593" data-end="936">Queremos <strong data-start="602" data-end="639">reconectar con nuestros exalumnos</strong> y mantener viva esta comunidad que forma parte esencial de nuestro legado.<br data-start="714" data-end="717" />Si fuiste parte del Coro de Niños de San Juan, te invitamos a completar el siguiente formulario para mantenernos en contacto, compartir noticias, iniciativas especiales, encuentros de exalumnos y futuras colaboraciones.</p><p data-start="593" data-end="936"><strong data-start="941" data-end="973">Completa el formulario aquí:</strong></p>								</div>
				</div>
					</div>
				</div>
		<div class="elementor-element elementor-element-0461670 e-flex e-con-boxed e-con e-parent" data-id="0461670" data-element_type="container">
					<div class="e-con-inner">
				<div class="elementor-element elementor-element-857910d elementor-widget elementor-widget-button" data-id="857910d" data-element_type="widget" data-widget_type="button.default">
				<div class="elementor-widget-container">
									<div class="elementor-button-wrapper">
					<a class="elementor-button elementor-button-link elementor-size-sm" href="https://docs.google.com/forms/d/e/1FAIpQLSc8V1omLre7ul1Ec6cdbsCgF0rGP-NJ2kJb22b308ODhLLu6Q/viewform">
						<span class="elementor-button-content-wrapper">
									<span class="elementor-button-text">Formulario de Exalumnos del CNSJ</span>
					</span>
					</a>
				</div>
								</div>
				</div>
					</div>
				</div>
				</div>
		
    <div class="xs_social_share_widget xs_share_url after_content 		main_content  wslu-style-1 wslu-share-box-shaped wslu-fill-colored wslu-none wslu-share-horizontal wslu-theme-font-no wslu-main_content">

		
        <ul>
			        </ul>
    </div>

<p>El Coro de Niños de San Juan (CNSJ) ha sido, por casi seis décadas, un espacio de formación musical, humana y artística que ha marcado la vida de miles de niños y jóvenes en Puerto Rico y el mundo. Queremos reconectar con nuestros exalumnos y mantener viva esta comunidad que forma parte esencial de nuestro legado.Si fuiste [&hellip;]</p>
