{"id":311,"date":"2024-10-07T19:08:38","date_gmt":"2024-10-07T19:08:38","guid":{"rendered":"https:\/\/corodenino-cnsjwordpress.msbeqr.easypanel.host\/?page_id=311"},"modified":"2024-10-07T19:10:06","modified_gmt":"2024-10-07T19:10:06","slug":"audiciones","status":"publish","type":"page","link":"https:\/\/corodeninosdesanjuan.org\/?page_id=311","title":{"rendered":"Audiciones"},"content":{"rendered":"\t\t<div data-elementor-type=\"wp-page\" data-elementor-id=\"311\" class=\"elementor elementor-311\" data-elementor-post-type=\"page\">\n\t\t\t\t\t\t<section class=\"elementor-section elementor-top-section elementor-element elementor-element-7d6e3b1 elementor-section-height-min-height elementor-section-boxed elementor-section-height-default elementor-section-items-middle\" data-id=\"7d6e3b1\" data-element_type=\"section\" data-settings=\"{&quot;background_background&quot;:&quot;classic&quot;}\">\n\t\t\t\t\t\t\t<div class=\"elementor-background-overlay\"><\/div>\n\t\t\t\t\t\t\t<div class=\"elementor-container elementor-column-gap-no\">\n\t\t\t\t\t<div class=\"elementor-column elementor-col-100 elementor-top-column elementor-element elementor-element-5cf67333\" data-id=\"5cf67333\" data-element_type=\"column\" data-settings=\"{&quot;background_background&quot;:&quot;classic&quot;}\">\n\t\t\t<div class=\"elementor-widget-wrap elementor-element-populated\">\n\t\t\t\t\t\t<div class=\"elementor-element elementor-element-3cec3bd0 elementor-widget elementor-widget-heading\" data-id=\"3cec3bd0\" data-element_type=\"widget\" data-widget_type=\"heading.default\">\n\t\t\t\t<div class=\"elementor-widget-container\">\n\t\t\t\t\t<h1 class=\"elementor-heading-title elementor-size-default\">Audiciones<\/h1>\t\t\t\t<\/div>\n\t\t\t\t<\/div>\n\t\t\t\t\t<\/div>\n\t\t<\/div>\n\t\t\t\t\t<\/div>\n\t\t<\/section>\n\t\t\t\t<section class=\"elementor-section elementor-top-section elementor-element elementor-element-45a4b171 elementor-section-boxed elementor-section-height-default elementor-section-height-default\" data-id=\"45a4b171\" data-element_type=\"section\">\n\t\t\t\t\t\t<div class=\"elementor-container elementor-column-gap-no\">\n\t\t\t\t\t<div class=\"elementor-column elementor-col-100 elementor-top-column elementor-element elementor-element-491a3347\" data-id=\"491a3347\" data-element_type=\"column\">\n\t\t\t<div class=\"elementor-widget-wrap elementor-element-populated\">\n\t\t\t\t\t\t<div class=\"elementor-element elementor-element-3d631d18 elementor-widget elementor-widget-heading\" data-id=\"3d631d18\" data-element_type=\"widget\" data-widget_type=\"heading.default\">\n\t\t\t\t<div class=\"elementor-widget-container\">\n\t\t\t\t\t<h3 class=\"elementor-heading-title elementor-size-default\">Audiciones<\/h3>\t\t\t\t<\/div>\n\t\t\t\t<\/div>\n\t\t\t\t<div class=\"elementor-element elementor-element-ffaf404 elementor-widget elementor-widget-text-editor\" data-id=\"ffaf404\" data-element_type=\"widget\" data-widget_type=\"text-editor.default\">\n\t\t\t\t<div class=\"elementor-widget-container\">\n\t\t\t\t\t\t\t\t\t<p>El Coro de Ni\u00f1os de San Juan est\u00e1 compuesto por ni\u00f1os y ni\u00f1as entre las edades de 5 a 18 a\u00f1os, seleccionados despu\u00e9s de una audici\u00f3n en la que se eval\u00faan sus destrezas musicales en ritmo, entonaci\u00f3n, memoria auditiva y condici\u00f3n vocal.<\/p>\t\t\t\t\t\t\t\t<\/div>\n\t\t\t\t<\/div>\n\t\t\t\t<div class=\"elementor-element elementor-element-8036baa elementor-widget elementor-widget-heading\" data-id=\"8036baa\" data-element_type=\"widget\" data-widget_type=\"heading.default\">\n\t\t\t\t<div class=\"elementor-widget-container\">\n\t\t\t\t\t<h3 class=\"elementor-heading-title elementor-size-default\">Edades<\/h3>\t\t\t\t<\/div>\n\t\t\t\t<\/div>\n\t\t\t\t<div class=\"elementor-element elementor-element-a88e8d9 elementor-widget elementor-widget-text-editor\" data-id=\"a88e8d9\" data-element_type=\"widget\" data-widget_type=\"text-editor.default\">\n\t\t\t\t<div class=\"elementor-widget-container\">\n\t\t\t\t\t\t\t\t\t<p>Se audicionan ni\u00f1os y ni\u00f1as durante el mes de agosto, previo al comienzo de clases. Durante este inicio del primer semestre se audicionan estudiantes de cinco a\u00f1os para el programa de Kindercoro, seis a siete a\u00f1os para el programa de Preparatoria y estudiantes de ocho a diez a\u00f1os para el programa de Preparatoria Avanzada. Durante el mes de enero se realizan audiciones para el programa de Kindercoro y de Preparatoria. Luego de los diez a\u00f1os, el Coro de Ni\u00f1os de San Juan no acepta estudiantes nuevos, solo los que han comenzado en los programas mencionados anteriormente.<\/p>\t\t\t\t\t\t\t\t<\/div>\n\t\t\t\t<\/div>\n\t\t\t\t<div class=\"elementor-element elementor-element-a5ce7cc elementor-widget elementor-widget-heading\" data-id=\"a5ce7cc\" data-element_type=\"widget\" data-widget_type=\"heading.default\">\n\t\t\t\t<div class=\"elementor-widget-container\">\n\t\t\t\t\t<h3 class=\"elementor-heading-title elementor-size-default\">Coordinacion<\/h3>\t\t\t\t<\/div>\n\t\t\t\t<\/div>\n\t\t\t\t<div class=\"elementor-element elementor-element-36859eb elementor-widget elementor-widget-text-editor\" data-id=\"36859eb\" data-element_type=\"widget\" data-widget_type=\"text-editor.default\">\n\t\t\t\t<div class=\"elementor-widget-container\">\n\t\t\t\t\t\t\t\t\t<p>La oficina administrativa organiza las audiciones realizadas en escuelas. Se hacen llamadas de coordinaci\u00f3n para acordar el d\u00eda, la hora y los grupos estudiantiles que se atender\u00e1n. Los profesores entonces llegan a la escuela con toda la documentaci\u00f3n y equipo necesario para llevar a cabo el proceso. Las audiciones tambi\u00e9n se llevan a cabo en la sede del coro. Las mismas se promocionan a trav\u00e9s de las redes sociales. Adem\u00e1s, se realizan audiciones por Zoom. Ambas se coordinan con el registro a trav\u00e9s de la p\u00e1gina web del Coro de Ni\u00f1os de San Juan.<\/p>\t\t\t\t\t\t\t\t<\/div>\n\t\t\t\t<\/div>\n\t\t<div class=\"elementor-element elementor-element-f92b230 e-flex e-con-boxed e-con e-parent\" data-id=\"f92b230\" data-element_type=\"container\">\n\t\t\t\t\t<div class=\"e-con-inner\">\n\t\t\t\t<div class=\"elementor-element elementor-element-e07ed0c elementor-widget elementor-widget-button\" data-id=\"e07ed0c\" data-element_type=\"widget\" data-widget_type=\"button.default\">\n\t\t\t\t<div class=\"elementor-widget-container\">\n\t\t\t\t\t\t\t\t\t<div class=\"elementor-button-wrapper\">\n\t\t\t\t\t<a class=\"elementor-button elementor-button-link elementor-size-sm\" href=\"#\">\n\t\t\t\t\t\t<span class=\"elementor-button-content-wrapper\">\n\t\t\t\t\t\t\t\t\t<span class=\"elementor-button-text\">Separa Tu Espacio<\/span>\n\t\t\t\t\t<\/span>\n\t\t\t\t\t<\/a>\n\t\t\t\t<\/div>\n\t\t\t\t\t\t\t\t<\/div>\n\t\t\t\t<\/div>\n\t\t\t\t\t<\/div>\n\t\t\t\t<\/div>\n\t\t\t\t\t<\/div>\n\t\t<\/div>\n\t\t\t\t\t<\/div>\n\t\t<\/section>\n\t\t\t\t<\/div>\n\t\t\n    <div class=\"xs_social_share_widget xs_share_url after_content \t\tmain_content  wslu-style-1 wslu-share-box-shaped wslu-fill-colored wslu-none wslu-share-horizontal wslu-theme-font-no wslu-main_content\">\n\n\t\t\n        <ul>\n\t\t\t        <\/ul>\n    <\/div> \n","protected":false},"excerpt":{"rendered":"<p>Audiciones Audiciones El Coro de Ni\u00f1os de San Juan est\u00e1 compuesto por ni\u00f1os y ni\u00f1as entre las edades de 5 a 18 a\u00f1os, seleccionados despu\u00e9s de una audici\u00f3n en la que se eval\u00faan sus destrezas musicales en ritmo, entonaci\u00f3n, memoria auditiva y condici\u00f3n vocal. Edades Se audicionan ni\u00f1os y ni\u00f1as durante el mes de agosto, [&hellip;]<\/p>\n","protected":false},"author":1,"featured_media":0,"parent":0,"menu_order":0,"comment_status":"closed","ping_status":"closed","template":"","meta":{"postBodyCss":"","postBodyMargin":[],"postBodyPadding":[],"postBodyBackground":{"backgroundType":"classic","gradient":""},"footnotes":""},"class_list":["post-311","page","type-page","status-publish","hentry"],"_links":{"self":[{"href":"https:\/\/corodeninosdesanjuan.org\/index.php?rest_route=\/wp\/v2\/pages\/311","targetHints":{"allow":["GET"]}}],"collection":[{"href":"https:\/\/corodeninosdesanjuan.org\/index.php?rest_route=\/wp\/v2\/pages"}],"about":[{"href":"https:\/\/corodeninosdesanjuan.org\/index.php?rest_route=\/wp\/v2\/types\/page"}],"author":[{"embeddable":true,"href":"https:\/\/corodeninosdesanjuan.org\/index.php?rest_route=\/wp\/v2\/users\/1"}],"replies":[{"embeddable":true,"href":"https:\/\/corodeninosdesanjuan.org\/index.php?rest_route=%2Fwp%2Fv2%2Fcomments&post=311"}],"version-history":[{"count":4,"href":"https:\/\/corodeninosdesanjuan.org\/index.php?rest_route=\/wp\/v2\/pages\/311\/revisions"}],"predecessor-version":[{"id":317,"href":"https:\/\/corodeninosdesanjuan.org\/index.php?rest_route=\/wp\/v2\/pages\/311\/revisions\/317"}],"wp:attachment":[{"href":"https:\/\/corodeninosdesanjuan.org\/index.php?rest_route=%2Fwp%2Fv2%2Fmedia&parent=311"}],"curies":[{"name":"wp","href":"https:\/\/api.w.org\/{rel}","templated":true}]}}

<div data-elementor-type="wp-page" data-elementor-id="311" class="elementor elementor-311" data-elementor-post-type="page">
						<section class="elementor-section elementor-top-section elementor-element elementor-element-7d6e3b1 elementor-section-height-min-height elementor-section-boxed elementor-section-height-default elementor-section-items-middle" data-id="7d6e3b1" data-element_type="section" data-settings="{&quot;background_background&quot;:&quot;classic&quot;}">
							<div class="elementor-background-overlay"></div>
							<div class="elementor-container elementor-column-gap-no">
					<div class="elementor-column elementor-col-100 elementor-top-column elementor-element elementor-element-5cf67333" data-id="5cf67333" data-element_type="column" data-settings="{&quot;background_background&quot;:&quot;classic&quot;}">
			<div class="elementor-widget-wrap elementor-element-populated">
						<div class="elementor-element elementor-element-3cec3bd0 elementor-widget elementor-widget-heading" data-id="3cec3bd0" data-element_type="widget" data-widget_type="heading.default">
				<div class="elementor-widget-container">
					<h1 class="elementor-heading-title elementor-size-default">Audiciones</h1>				</div>
				</div>
					</div>
		</div>
					</div>
		</section>
				<section class="elementor-section elementor-top-section elementor-element elementor-element-45a4b171 elementor-section-boxed elementor-section-height-default elementor-section-height-default" data-id="45a4b171" data-element_type="section">
						<div class="elementor-container elementor-column-gap-no">
					<div class="elementor-column elementor-col-100 elementor-top-column elementor-element elementor-element-491a3347" data-id="491a3347" data-element_type="column">
			<div class="elementor-widget-wrap elementor-element-populated">
						<div class="elementor-element elementor-element-3d631d18 elementor-widget elementor-widget-heading" data-id="3d631d18" data-element_type="widget" data-widget_type="heading.default">
				<div class="elementor-widget-container">
					<h3 class="elementor-heading-title elementor-size-default">Audiciones</h3>				</div>
				</div>
				<div class="elementor-element elementor-element-ffaf404 elementor-widget elementor-widget-text-editor" data-id="ffaf404" data-element_type="widget" data-widget_type="text-editor.default">
				<div class="elementor-widget-container">
									<p>El Coro de Niños de San Juan está compuesto por niños y niñas entre las edades de 5 a 18 años, seleccionados después de una audición en la que se evalúan sus destrezas musicales en ritmo, entonación, memoria auditiva y condición vocal.</p>								</div>
				</div>
				<div class="elementor-element elementor-element-8036baa elementor-widget elementor-widget-heading" data-id="8036baa" data-element_type="widget" data-widget_type="heading.default">
				<div class="elementor-widget-container">
					<h3 class="elementor-heading-title elementor-size-default">Edades</h3>				</div>
				</div>
				<div class="elementor-element elementor-element-a88e8d9 elementor-widget elementor-widget-text-editor" data-id="a88e8d9" data-element_type="widget" data-widget_type="text-editor.default">
				<div class="elementor-widget-container">
									<p>Se audicionan niños y niñas durante el mes de agosto, previo al comienzo de clases. Durante este inicio del primer semestre se audicionan estudiantes de cinco años para el programa de Kindercoro, seis a siete años para el programa de Preparatoria y estudiantes de ocho a diez años para el programa de Preparatoria Avanzada. Durante el mes de enero se realizan audiciones para el programa de Kindercoro y de Preparatoria. Luego de los diez años, el Coro de Niños de San Juan no acepta estudiantes nuevos, solo los que han comenzado en los programas mencionados anteriormente.</p>								</div>
				</div>
				<div class="elementor-element elementor-element-a5ce7cc elementor-widget elementor-widget-heading" data-id="a5ce7cc" data-element_type="widget" data-widget_type="heading.default">
				<div class="elementor-widget-container">
					<h3 class="elementor-heading-title elementor-size-default">Coordinacion</h3>				</div>
				</div>
				<div class="elementor-element elementor-element-36859eb elementor-widget elementor-widget-text-editor" data-id="36859eb" data-element_type="widget" data-widget_type="text-editor.default">
				<div class="elementor-widget-container">
									<p>La oficina administrativa organiza las audiciones realizadas en escuelas. Se hacen llamadas de coordinación para acordar el día, la hora y los grupos estudiantiles que se atenderán. Los profesores entonces llegan a la escuela con toda la documentación y equipo necesario para llevar a cabo el proceso. Las audiciones también se llevan a cabo en la sede del coro. Las mismas se promocionan a través de las redes sociales. Además, se realizan audiciones por Zoom. Ambas se coordinan con el registro a través de la página web del Coro de Niños de San Juan.</p>								</div>
				</div>
		<div class="elementor-element elementor-element-f92b230 e-flex e-con-boxed e-con e-parent" data-id="f92b230" data-element_type="container">
					<div class="e-con-inner">
				<div class="elementor-element elementor-element-e07ed0c elementor-widget elementor-widget-button" data-id="e07ed0c" data-element_type="widget" data-widget_type="button.default">
				<div class="elementor-widget-container">
									<div class="elementor-button-wrapper">
					<a class="elementor-button elementor-button-link elementor-size-sm" href="#">
						<span class="elementor-button-content-wrapper">
									<span class="elementor-button-text">Separa Tu Espacio</span>
					</span>
					</a>
				</div>
								</div>
				</div>
					</div>
				</div>
					</div>
		</div>
					</div>
		</section>
				</div>
		
    <div class="xs_social_share_widget xs_share_url after_content 		main_content  wslu-style-1 wslu-share-box-shaped wslu-fill-colored wslu-none wslu-share-horizontal wslu-theme-font-no wslu-main_content">

		
        <ul>
			        </ul>
    </div>

<p>Audiciones Audiciones El Coro de Niños de San Juan está compuesto por niños y niñas entre las edades de 5 a 18 años, seleccionados después de una audición en la que se evalúan sus destrezas musicales en ritmo, entonación, memoria auditiva y condición vocal. Edades Se audicionan niños y niñas durante el mes de agosto, [&hellip;]</p>
