{"id":764,"date":"2025-11-22T19:33:16","date_gmt":"2025-11-22T19:33:16","guid":{"rendered":"https:\/\/corodeninosdesanjuan.org\/?page_id=764"},"modified":"2025-11-24T15:37:22","modified_gmt":"2025-11-24T15:37:22","slug":"historia-del-coro-de-ninos-de-san-juan","status":"publish","type":"page","link":"https:\/\/corodeninosdesanjuan.org\/?page_id=764","title":{"rendered":"Historia del Coro de Ni\u00f1os de San Juan"},"content":{"rendered":"\t\t<div data-elementor-type=\"wp-page\" data-elementor-id=\"764\" class=\"elementor elementor-764\" data-elementor-post-type=\"page\">\n\t\t\t\t<div class=\"elementor-element elementor-element-96ae60b e-flex e-con-boxed e-con e-parent\" data-id=\"96ae60b\" data-element_type=\"container\">\n\t\t\t\t\t<div class=\"e-con-inner\">\n\t\t\t\t<div class=\"elementor-element elementor-element-0d28e7a elementor-widget elementor-widget-image\" data-id=\"0d28e7a\" data-element_type=\"widget\" data-widget_type=\"image.default\">\n\t\t\t\t<div class=\"elementor-widget-container\">\n\t\t\t\t\t\t\t\t\t\t\t\t\t\t\t<img fetchpriority=\"high\" decoding=\"async\" width=\"720\" height=\"486\" src=\"https:\/\/corodeninosdesanjuan.org\/wp-content\/uploads\/2025\/11\/503210546_9995215177237846_1556188152286400835_n-2-1.jpg\" class=\"attachment-large size-large wp-image-769\" alt=\"\" srcset=\"https:\/\/corodeninosdesanjuan.org\/wp-content\/uploads\/2025\/11\/503210546_9995215177237846_1556188152286400835_n-2-1.jpg 720w, https:\/\/corodeninosdesanjuan.org\/wp-content\/uploads\/2025\/11\/503210546_9995215177237846_1556188152286400835_n-2-1-300x203.jpg 300w, https:\/\/corodeninosdesanjuan.org\/wp-content\/uploads\/2025\/11\/503210546_9995215177237846_1556188152286400835_n-2-1-600x405.jpg 600w\" sizes=\"(max-width: 720px) 100vw, 720px\" \/>\t\t\t\t\t\t\t\t\t\t\t\t\t\t\t<\/div>\n\t\t\t\t<\/div>\n\t\t\t\t<div class=\"elementor-element elementor-element-9e7d2d0 elementor-widget elementor-widget-text-editor\" data-id=\"9e7d2d0\" data-element_type=\"widget\" data-widget_type=\"text-editor.default\">\n\t\t\t\t<div class=\"elementor-widget-container\">\n\t\t\t\t\t\t\t\t\t<p><span style=\"font-weight: 400;\">El Coro de Ni\u00f1os de San Juan naci\u00f3 en 1966 bajo la direcci\u00f3n visionaria de <strong>Evy Luc\u00edo C\u00f3rdova<\/strong>, quien comenz\u00f3 trabajando con un peque\u00f1o grupo de catorce ni\u00f1as en un ambiente \u00edntimo de estudio musical.<\/span><\/p><p><span style=\"font-weight: 400;\">Inspirado por la tradici\u00f3n coral europea y guiado espiritualmente por el legado del maestro Pablo Casals, el <\/span><span style=\"font-weight: 400;\">CNSJ <\/span><span style=\"font-weight: 400;\">evolucion\u00f3 r\u00e1pidamente hasta convertirse en una instituci\u00f3n musical de excelencia. <strong>Esta transformaci\u00f3n lo llev\u00f3 a obtener el reconocimiento de la UNESCO como Patrimonio cultural, hist\u00f3rico y social de Puerto Rico (2013).<\/strong><\/span><\/p><p><span style=\"font-weight: 400;\">Hoy constituye una escuela de formaci\u00f3n art\u00edstica con m\u00e1s de 130 estudiantes entre las edades de 5 y 18 a\u00f1os, quienes cursan un programa acad\u00e9mico integral que incluye teor\u00eda musical, solfeo, t\u00e9cnica vocal, movimiento corporal, apreciaci\u00f3n musical e instrucci\u00f3n en guitarra, cuatro, flauta dulce y campanas.<\/span><\/p><p><br style=\"font-weight: 400;\" \/><br style=\"font-weight: 400;\" \/><\/p>\t\t\t\t\t\t\t\t<\/div>\n\t\t\t\t<\/div>\n\t\t\t\t\t<\/div>\n\t\t\t\t<\/div>\n\t\t<div class=\"elementor-element elementor-element-387f02f e-flex e-con-boxed e-con e-parent\" data-id=\"387f02f\" data-element_type=\"container\">\n\t\t\t\t\t<div class=\"e-con-inner\">\n\t\t<div class=\"elementor-element elementor-element-e77761f e-con-full e-flex e-con e-child\" data-id=\"e77761f\" data-element_type=\"container\">\n\t\t\t\t<div class=\"elementor-element elementor-element-98d98ca elementor-widget elementor-widget-image\" data-id=\"98d98ca\" data-element_type=\"widget\" data-widget_type=\"image.default\">\n\t\t\t\t<div class=\"elementor-widget-container\">\n\t\t\t\t\t\t\t\t\t\t\t\t\t\t\t<img decoding=\"async\" width=\"800\" height=\"549\" src=\"https:\/\/corodeninosdesanjuan.org\/wp-content\/uploads\/2025\/11\/503149048_9995213193904711_218405803306408428_n-2.jpg\" class=\"attachment-large size-large wp-image-756\" alt=\"\" srcset=\"https:\/\/corodeninosdesanjuan.org\/wp-content\/uploads\/2025\/11\/503149048_9995213193904711_218405803306408428_n-2.jpg 960w, https:\/\/corodeninosdesanjuan.org\/wp-content\/uploads\/2025\/11\/503149048_9995213193904711_218405803306408428_n-2-300x206.jpg 300w, https:\/\/corodeninosdesanjuan.org\/wp-content\/uploads\/2025\/11\/503149048_9995213193904711_218405803306408428_n-2-768x527.jpg 768w, https:\/\/corodeninosdesanjuan.org\/wp-content\/uploads\/2025\/11\/503149048_9995213193904711_218405803306408428_n-2-600x412.jpg 600w\" sizes=\"(max-width: 800px) 100vw, 800px\" \/>\t\t\t\t\t\t\t\t\t\t\t\t\t\t\t<\/div>\n\t\t\t\t<\/div>\n\t\t\t\t<\/div>\n\t\t<div class=\"elementor-element elementor-element-6dec906 e-con-full e-flex e-con e-child\" data-id=\"6dec906\" data-element_type=\"container\">\n\t\t\t\t<div class=\"elementor-element elementor-element-2de0eb7 elementor-widget elementor-widget-image\" data-id=\"2de0eb7\" data-element_type=\"widget\" data-widget_type=\"image.default\">\n\t\t\t\t<div class=\"elementor-widget-container\">\n\t\t\t\t\t\t\t\t\t\t\t\t\t\t\t<img decoding=\"async\" width=\"720\" height=\"486\" src=\"https:\/\/corodeninosdesanjuan.org\/wp-content\/uploads\/2025\/11\/502664297_9995213213904709_3046105652116857761_n-2.jpg\" class=\"attachment-large size-large wp-image-770\" alt=\"\" srcset=\"https:\/\/corodeninosdesanjuan.org\/wp-content\/uploads\/2025\/11\/502664297_9995213213904709_3046105652116857761_n-2.jpg 720w, https:\/\/corodeninosdesanjuan.org\/wp-content\/uploads\/2025\/11\/502664297_9995213213904709_3046105652116857761_n-2-300x203.jpg 300w, https:\/\/corodeninosdesanjuan.org\/wp-content\/uploads\/2025\/11\/502664297_9995213213904709_3046105652116857761_n-2-600x405.jpg 600w\" sizes=\"(max-width: 720px) 100vw, 720px\" \/>\t\t\t\t\t\t\t\t\t\t\t\t\t\t\t<\/div>\n\t\t\t\t<\/div>\n\t\t\t\t<\/div>\n\t\t<div class=\"elementor-element elementor-element-873b4b1 e-con-full e-flex e-con e-child\" data-id=\"873b4b1\" data-element_type=\"container\">\n\t\t\t\t<div class=\"elementor-element elementor-element-2602c2b elementor-widget elementor-widget-image\" data-id=\"2602c2b\" data-element_type=\"widget\" data-widget_type=\"image.default\">\n\t\t\t\t<div class=\"elementor-widget-container\">\n\t\t\t\t\t\t\t\t\t\t\t\t\t\t\t<img loading=\"lazy\" decoding=\"async\" width=\"800\" height=\"577\" src=\"https:\/\/corodeninosdesanjuan.org\/wp-content\/uploads\/2025\/11\/508179603_10099644370128259_2689169555004831925_n.jpg\" class=\"attachment-large size-large wp-image-771\" alt=\"\" srcset=\"https:\/\/corodeninosdesanjuan.org\/wp-content\/uploads\/2025\/11\/508179603_10099644370128259_2689169555004831925_n.jpg 958w, https:\/\/corodeninosdesanjuan.org\/wp-content\/uploads\/2025\/11\/508179603_10099644370128259_2689169555004831925_n-300x216.jpg 300w, https:\/\/corodeninosdesanjuan.org\/wp-content\/uploads\/2025\/11\/508179603_10099644370128259_2689169555004831925_n-768x554.jpg 768w, https:\/\/corodeninosdesanjuan.org\/wp-content\/uploads\/2025\/11\/508179603_10099644370128259_2689169555004831925_n-600x433.jpg 600w\" sizes=\"(max-width: 800px) 100vw, 800px\" \/>\t\t\t\t\t\t\t\t\t\t\t\t\t\t\t<\/div>\n\t\t\t\t<\/div>\n\t\t\t\t<\/div>\n\t\t\t\t\t<\/div>\n\t\t\t\t<\/div>\n\t\t<div class=\"elementor-element elementor-element-5179297 e-flex e-con-boxed e-con e-parent\" data-id=\"5179297\" data-element_type=\"container\">\n\t\t\t\t\t<div class=\"e-con-inner\">\n\t\t\t\t<div class=\"elementor-element elementor-element-0cf1609 elementor-widget elementor-widget-text-editor\" data-id=\"0cf1609\" data-element_type=\"widget\" data-widget_type=\"text-editor.default\">\n\t\t\t\t<div class=\"elementor-widget-container\">\n\t\t\t\t\t\t\t\t\t<p><span style=\"font-weight: 400;\">Gracias a su desarrollo art\u00edstico y disciplinado trabajo pedag\u00f3gico, el <\/span><span style=\"font-weight: 400;\">CNSJ <\/span><span style=\"font-weight: 400;\">\u00a0se ha posicionado como un embajador cultural de Puerto Rico ante el mundo, present\u00e1ndose en reconocidos escenarios internacionales como el Carnegie Hall, el Kennedy Center, el Royal Albert Hall, la Wiener Musikverein, y teatros e iglesias en Alemania, Austria, Espa\u00f1a, Italia, Francia, Jap\u00f3n, China, Dinamarca, Brasil, Chile, Rep\u00fablica Checa, Rusia, entre otros.<\/span><\/p><p><span style=\"font-weight: 400;\">En sus m\u00e1s de cinco d\u00e9cadas, el <\/span><span style=\"font-weight: 400;\">CNSJ <\/span><span style=\"font-weight: 400;\">ha compartido escenario con figuras como <strong>Juan Diego Fl\u00f3rez, Justino D\u00edaz, Pl\u00e1cido Domingo, Renata Scotto, Laura Pausini, Marc Anthony, Ricky Martin, Rita Moreno, Chita Rivera y los Ni\u00f1os Cantores de Viena.<\/strong><\/span><\/p><p><span style=\"font-weight: 400;\">Su sonido caracter\u00edstico y pulido \u2014descrito por m\u00fasicos y cr\u00edticos internacionales como \u201cmilagroso\u201d\u2014 contin\u00faa siendo un sello distintivo de la instituci\u00f3n, reflejo del legado t\u00e9cnico y est\u00e9tico que <strong>Evy Luc\u00edo<\/strong> imprimi\u00f3 desde sus inicios.<\/span><\/p>\t\t\t\t\t\t\t\t<\/div>\n\t\t\t\t<\/div>\n\t\t\t\t\t<\/div>\n\t\t\t\t<\/div>\n\t\t<div class=\"elementor-element elementor-element-7bc7bf9 e-flex e-con-boxed e-con e-parent\" data-id=\"7bc7bf9\" data-element_type=\"container\">\n\t\t\t\t\t<div class=\"e-con-inner\">\n\t\t\t\t<div class=\"elementor-element elementor-element-31ea19a elementor-widget elementor-widget-heading\" data-id=\"31ea19a\" data-element_type=\"widget\" data-widget_type=\"heading.default\">\n\t\t\t\t<div class=\"elementor-widget-container\">\n\t\t\t\t\t<h4 class=\"elementor-heading-title elementor-size-default\">Nuestra Fundadora: Evy Luc\u00edo C\u00f3rdova <\/h4>\t\t\t\t<\/div>\n\t\t\t\t<\/div>\n\t\t\t\t\t<\/div>\n\t\t\t\t<\/div>\n\t\t<div class=\"elementor-element elementor-element-a3c9a03 e-flex e-con-boxed e-con e-parent\" data-id=\"a3c9a03\" data-element_type=\"container\">\n\t\t\t\t\t<div class=\"e-con-inner\">\n\t\t<div class=\"elementor-element elementor-element-83b60af e-con-full e-flex e-con e-child\" data-id=\"83b60af\" data-element_type=\"container\">\n\t\t\t\t<div class=\"elementor-element elementor-element-dea85e4 elementor-widget elementor-widget-image\" data-id=\"dea85e4\" data-element_type=\"widget\" data-widget_type=\"image.default\">\n\t\t\t\t<div class=\"elementor-widget-container\">\n\t\t\t\t\t\t\t\t\t\t\t\t\t\t\t<img loading=\"lazy\" decoding=\"async\" width=\"458\" height=\"610\" src=\"https:\/\/corodeninosdesanjuan.org\/wp-content\/uploads\/2025\/11\/Evy-Lucio-Cordova.jpg\" class=\"attachment-large size-large wp-image-548\" alt=\"\" srcset=\"https:\/\/corodeninosdesanjuan.org\/wp-content\/uploads\/2025\/11\/Evy-Lucio-Cordova.jpg 458w, https:\/\/corodeninosdesanjuan.org\/wp-content\/uploads\/2025\/11\/Evy-Lucio-Cordova-225x300.jpg 225w\" sizes=\"(max-width: 458px) 100vw, 458px\" \/>\t\t\t\t\t\t\t\t\t\t\t\t\t\t\t<\/div>\n\t\t\t\t<\/div>\n\t\t\t\t<\/div>\n\t\t<div class=\"elementor-element elementor-element-fdafd7f e-con-full e-flex e-con e-child\" data-id=\"fdafd7f\" data-element_type=\"container\">\n\t\t\t\t<div class=\"elementor-element elementor-element-ba9be51 elementor-widget elementor-widget-text-editor\" data-id=\"ba9be51\" data-element_type=\"widget\" data-widget_type=\"text-editor.default\">\n\t\t\t\t<div class=\"elementor-widget-container\">\n\t\t\t\t\t\t\t\t\t<p><span style=\"font-weight: 400;\">Evy Luc\u00edo C\u00f3rdova, nacida en Arecibo, Puerto Rico, fue una educadora visionaria y figura clave en el desarrollo de la m\u00fasica coral infantil en el pa\u00eds. Desde temprana edad mostr\u00f3 una profunda sensibilidad por la m\u00fasica, la poes\u00eda y el trabajo con ni\u00f1os, vocaci\u00f3n que marc\u00f3 toda su vida.<\/span><\/p><p><span style=\"font-weight: 400;\">Tras formarse en el College of the Sacred Heart, Longy School of Music (Boston) y la Pius X School of Liturgical Music (Nueva York), regres\u00f3 a Puerto Rico para dedicarse plenamente a la ense\u00f1anza musical. En 1966 fund\u00f3 el Coro de Ni\u00f1os de San Juan con solo 14 ni\u00f1as en el garaje de su hogar, sentando las bases de lo que pronto se convertir\u00eda en una instituci\u00f3n reconocida internacionalmente.<\/span><\/p><p><span style=\"font-weight: 400;\">Apoyada por el maestro Pablo Casals, Evy impuls\u00f3 un modelo educativo que integraba disciplina, formaci\u00f3n human\u00edstica y excelencia art\u00edstica, promoviendo el crecimiento integral de ni\u00f1os y j\u00f3venes. Bajo su liderazgo, el CNSJ alcanz\u00f3 escenarios destacados alrededor del mundo y recibi\u00f3 numerosas distinciones.<\/span><\/p><p><span style=\"font-weight: 400;\">Su trayectoria fue honrada con doctorados honoris causa, invitaciones internacionales para dirigir, ofrecer conferencias y talleres, adem\u00e1s de la publicaci\u00f3n de su obra coral y m\u00e9todos de ense\u00f1anza. M\u00e1s all\u00e1 de estos reconocimientos, su mayor legado es la comunidad de ni\u00f1os, familias y educadores que contin\u00faan dando vida a su visi\u00f3n.<\/span><\/p><p><b><i>Evy Luc\u00edo C\u00f3rdova dej\u00f3 como herencia una instituci\u00f3n dedicada a formar seres humanos sensibles, disciplinados y profundamente conectados con la m\u00fasica.<\/i><\/b><\/p><p class=\"has-small-font-size\"><span style=\"color: #000000;\"><span style=\"caret-color: #000000; background-color: #ffff00;\"><br style=\"font-weight: 400;\" \/><br style=\"font-weight: 400;\" \/><\/span><\/span><\/p>\t\t\t\t\t\t\t\t<\/div>\n\t\t\t\t<\/div>\n\t\t\t\t<\/div>\n\t\t\t\t\t<\/div>\n\t\t\t\t<\/div>\n\t\t<div class=\"elementor-element elementor-element-67c6b32 e-flex e-con-boxed e-con e-parent\" data-id=\"67c6b32\" data-element_type=\"container\">\n\t\t\t\t\t<div class=\"e-con-inner\">\n\t\t<div class=\"elementor-element elementor-element-2a8bc62 e-con-full e-flex e-con e-child\" data-id=\"2a8bc62\" data-element_type=\"container\">\n\t\t\t\t<div class=\"elementor-element elementor-element-188a760 elementor-widget elementor-widget-heading\" data-id=\"188a760\" data-element_type=\"widget\" data-widget_type=\"heading.default\">\n\t\t\t\t<div class=\"elementor-widget-container\">\n\t\t\t\t\t<h5 class=\"elementor-heading-title elementor-size-default\">Palabras de nuestra fundadora<\/h5>\t\t\t\t<\/div>\n\t\t\t\t<\/div>\n\t\t\t\t<div class=\"elementor-element elementor-element-ca18a6e elementor-widget elementor-widget-text-editor\" data-id=\"ca18a6e\" data-element_type=\"widget\" data-widget_type=\"text-editor.default\">\n\t\t\t\t<div class=\"elementor-widget-container\">\n\t\t\t\t\t\t\t\t\t<p><i><span style=\"font-weight: 400;\">(Extracto de su mensaje por el 50 aniversario)<\/span><\/i><\/p><p><span style=\"font-weight: 400;\">\u201cMucho antes de que naciera el Coro de Ni\u00f1os de San Juan, yo era solo una ni\u00f1a cantando solemnemente en la capilla del Colegio del Sagrado Coraz\u00f3n.<\/span><span style=\"font-weight: 400;\"><br \/><\/span><\/p><p><span style=\"font-weight: 400;\">All\u00ed, entre cantos lit\u00fargicos, disciplina y amor, Dios sembr\u00f3 la semilla de lo que m\u00e1s tarde ser\u00eda el CNSJ.<\/span><\/p><p><span style=\"font-weight: 400;\">Tras estudiar en Boston y Nueva York, regres\u00e9 a formar mis primeros grupos corales. Finalmente, en el garaje de mi casa, nacieron las primeras catorce voces que dieron inicio al Coro.<\/span><\/p><p><span style=\"font-weight: 400;\">Mi sue\u00f1o era claro: que los ni\u00f1os cantar\u00e1n como grandes artistas \u2014con t\u00e9cnica, disciplina y coraz\u00f3n\u2014 para llevar a Puerto Rico a los mejores escenarios del mundo.<\/span><\/p><p><span style=\"font-weight: 400;\">Las voces de mis ni\u00f1os lo expresan todo, y la vida de mis exalumnos lo refleja.\u201d<\/span><\/p><p><span style=\"font-weight: 400;\">\u2014 <\/span><b>Evy Luc\u00edo C\u00f3rdova, Fundadora<\/b><\/p><p><br style=\"font-weight: 400;\" \/><br style=\"font-weight: 400;\" \/><\/p>\t\t\t\t\t\t\t\t<\/div>\n\t\t\t\t<\/div>\n\t\t\t\t<\/div>\n\t\t<div class=\"elementor-element elementor-element-2a30e07 e-con-full e-flex e-con e-child\" data-id=\"2a30e07\" data-element_type=\"container\">\n\t\t\t\t<div class=\"elementor-element elementor-element-1d11c82 elementor-widget elementor-widget-image\" data-id=\"1d11c82\" data-element_type=\"widget\" data-widget_type=\"image.default\">\n\t\t\t\t<div class=\"elementor-widget-container\">\n\t\t\t\t\t\t\t\t\t\t\t\t\t\t\t<img loading=\"lazy\" decoding=\"async\" width=\"720\" height=\"486\" src=\"https:\/\/corodeninosdesanjuan.org\/wp-content\/uploads\/2025\/11\/502273798_9995213200571377_7806965091804238760_n-2.jpg\" class=\"attachment-large size-large wp-image-772\" alt=\"\" srcset=\"https:\/\/corodeninosdesanjuan.org\/wp-content\/uploads\/2025\/11\/502273798_9995213200571377_7806965091804238760_n-2.jpg 720w, https:\/\/corodeninosdesanjuan.org\/wp-content\/uploads\/2025\/11\/502273798_9995213200571377_7806965091804238760_n-2-300x203.jpg 300w, https:\/\/corodeninosdesanjuan.org\/wp-content\/uploads\/2025\/11\/502273798_9995213200571377_7806965091804238760_n-2-600x405.jpg 600w\" sizes=\"(max-width: 720px) 100vw, 720px\" \/>\t\t\t\t\t\t\t\t\t\t\t\t\t\t\t<\/div>\n\t\t\t\t<\/div>\n\t\t\t\t<\/div>\n\t\t\t\t\t<\/div>\n\t\t\t\t<\/div>\n\t\t\t\t<\/div>\n\t\t\n    <div class=\"xs_social_share_widget xs_share_url after_content \t\tmain_content  wslu-style-1 wslu-share-box-shaped wslu-fill-colored wslu-none wslu-share-horizontal wslu-theme-font-no wslu-main_content\">\n\n\t\t\n        <ul>\n\t\t\t        <\/ul>\n    <\/div> \n","protected":false},"excerpt":{"rendered":"<p>El Coro de Ni\u00f1os de San Juan naci\u00f3 en 1966 bajo la direcci\u00f3n visionaria de Evy Luc\u00edo C\u00f3rdova, quien comenz\u00f3 trabajando con un peque\u00f1o grupo de catorce ni\u00f1as en un ambiente \u00edntimo de estudio musical. Inspirado por la tradici\u00f3n coral europea y guiado espiritualmente por el legado del maestro Pablo Casals, el CNSJ evolucion\u00f3 r\u00e1pidamente [&hellip;]<\/p>\n","protected":false},"author":3,"featured_media":0,"parent":0,"menu_order":0,"comment_status":"closed","ping_status":"closed","template":"","meta":{"postBodyCss":"","postBodyMargin":[],"postBodyPadding":[],"postBodyBackground":{"backgroundType":"classic","gradient":""},"footnotes":""},"class_list":["post-764","page","type-page","status-publish","hentry"],"_links":{"self":[{"href":"https:\/\/corodeninosdesanjuan.org\/index.php?rest_route=\/wp\/v2\/pages\/764","targetHints":{"allow":["GET"]}}],"collection":[{"href":"https:\/\/corodeninosdesanjuan.org\/index.php?rest_route=\/wp\/v2\/pages"}],"about":[{"href":"https:\/\/corodeninosdesanjuan.org\/index.php?rest_route=\/wp\/v2\/types\/page"}],"author":[{"embeddable":true,"href":"https:\/\/corodeninosdesanjuan.org\/index.php?rest_route=\/wp\/v2\/users\/3"}],"replies":[{"embeddable":true,"href":"https:\/\/corodeninosdesanjuan.org\/index.php?rest_route=%2Fwp%2Fv2%2Fcomments&post=764"}],"version-history":[{"count":18,"href":"https:\/\/corodeninosdesanjuan.org\/index.php?rest_route=\/wp\/v2\/pages\/764\/revisions"}],"predecessor-version":[{"id":892,"href":"https:\/\/corodeninosdesanjuan.org\/index.php?rest_route=\/wp\/v2\/pages\/764\/revisions\/892"}],"wp:attachment":[{"href":"https:\/\/corodeninosdesanjuan.org\/index.php?rest_route=%2Fwp%2Fv2%2Fmedia&parent=764"}],"curies":[{"name":"wp","href":"https:\/\/api.w.org\/{rel}","templated":true}]}}