{"id":857,"date":"2025-11-22T23:18:42","date_gmt":"2025-11-22T23:18:42","guid":{"rendered":"https:\/\/corodeninosdesanjuan.org\/?page_id=857"},"modified":"2025-11-22T23:19:10","modified_gmt":"2025-11-22T23:19:10","slug":"areas-de-presentacion","status":"publish","type":"page","link":"https:\/\/corodeninosdesanjuan.org\/?page_id=857","title":{"rendered":"\u00c1reas de Presentaci\u00f3n"},"content":{"rendered":"\t\t<div data-elementor-type=\"wp-page\" data-elementor-id=\"857\" class=\"elementor elementor-857\" data-elementor-post-type=\"page\">\n\t\t\t\t<div class=\"elementor-element elementor-element-993a017 e-flex e-con-boxed e-con e-parent\" data-id=\"993a017\" data-element_type=\"container\">\n\t\t\t\t\t<div class=\"e-con-inner\">\n\t\t\t\t<div class=\"elementor-element elementor-element-53f7b53 elementor-widget elementor-widget-text-editor\" data-id=\"53f7b53\" data-element_type=\"widget\" data-widget_type=\"text-editor.default\">\n\t\t\t\t<div class=\"elementor-widget-container\">\n\t\t\t\t\t\t\t\t\t<p>Las \u00c1reas de Presentaci\u00f3n re\u00fanen los proyectos art\u00edsticos, comunitarios y acad\u00e9micos que el Coro de Ni\u00f1os de San Juan desarrolla durante el a\u00f1o. Cada actividad refleja nuestra misi\u00f3n educativa, nuestro legado coral y el compromiso con la cultura musical de Puerto Rico.<\/p>\t\t\t\t\t\t\t\t<\/div>\n\t\t\t\t<\/div>\n\t\t\t\t\t<\/div>\n\t\t\t\t<\/div>\n\t\t<div class=\"elementor-element elementor-element-3f93873 e-flex e-con-boxed e-con e-parent\" data-id=\"3f93873\" data-element_type=\"container\">\n\t\t\t\t\t<div class=\"e-con-inner\">\n\t\t<div class=\"elementor-element elementor-element-06986f1 e-con-full e-flex e-con e-child\" data-id=\"06986f1\" data-element_type=\"container\">\n\t\t\t\t<div class=\"elementor-element elementor-element-a79e25c elementor-widget elementor-widget-text-editor\" data-id=\"a79e25c\" data-element_type=\"widget\" data-widget_type=\"text-editor.default\">\n\t\t\t\t<div class=\"elementor-widget-container\">\n\t\t\t\t\t\t\t\t\t<h6 data-start=\"254\" data-end=\"277\"><strong data-start=\"259\" data-end=\"277\">Misas Cantadas<\/strong><\/h6><p data-start=\"279\" data-end=\"739\">El Coro de Ni\u00f1os de San Juan mantiene viva la tradici\u00f3n del canto gregoriano y la polifon\u00eda sacra del siglo XVI, consideradas tesoros musicales de la Iglesia Cat\u00f3lica.<\/p><p data-start=\"279\" data-end=\"739\"><br data-start=\"446\" data-end=\"449\" \/>A trav\u00e9s de la oficina administrativa, se coordinan presentaciones en parroquias de toda la isla, permitiendo que la m\u00fasica coral lit\u00fargica llegue a diversas comunidades.<\/p><p data-start=\"279\" data-end=\"739\"><br data-start=\"619\" data-end=\"622\" \/>Cada misa cantada refleja la formaci\u00f3n vocal, disciplina art\u00edstica y preparaci\u00f3n espiritual que caracterizan al Coro.<\/p>\t\t\t\t\t\t\t\t<\/div>\n\t\t\t\t<\/div>\n\t\t\t\t<\/div>\n\t\t<div class=\"elementor-element elementor-element-bfbf149 e-con-full e-flex e-con e-child\" data-id=\"bfbf149\" data-element_type=\"container\">\n\t\t\t\t<div class=\"elementor-element elementor-element-7732e80 elementor-widget elementor-widget-image\" data-id=\"7732e80\" data-element_type=\"widget\" data-widget_type=\"image.default\">\n\t\t\t\t<div class=\"elementor-widget-container\">\n\t\t\t\t\t\t\t\t\t\t\t\t\t\t\t<img fetchpriority=\"high\" decoding=\"async\" width=\"800\" height=\"534\" src=\"https:\/\/corodeninosdesanjuan.org\/wp-content\/uploads\/2025\/11\/512676297_23934800329519429_1467614831865474581_n-1024x683.jpg\" class=\"attachment-large size-large wp-image-860\" alt=\"\" srcset=\"https:\/\/corodeninosdesanjuan.org\/wp-content\/uploads\/2025\/11\/512676297_23934800329519429_1467614831865474581_n-1024x683.jpg 1024w, https:\/\/corodeninosdesanjuan.org\/wp-content\/uploads\/2025\/11\/512676297_23934800329519429_1467614831865474581_n-300x200.jpg 300w, https:\/\/corodeninosdesanjuan.org\/wp-content\/uploads\/2025\/11\/512676297_23934800329519429_1467614831865474581_n-768x512.jpg 768w, https:\/\/corodeninosdesanjuan.org\/wp-content\/uploads\/2025\/11\/512676297_23934800329519429_1467614831865474581_n-1536x1025.jpg 1536w, https:\/\/corodeninosdesanjuan.org\/wp-content\/uploads\/2025\/11\/512676297_23934800329519429_1467614831865474581_n-600x400.jpg 600w, https:\/\/corodeninosdesanjuan.org\/wp-content\/uploads\/2025\/11\/512676297_23934800329519429_1467614831865474581_n.jpg 2048w\" sizes=\"(max-width: 800px) 100vw, 800px\" \/>\t\t\t\t\t\t\t\t\t\t\t\t\t\t\t<\/div>\n\t\t\t\t<\/div>\n\t\t\t\t<\/div>\n\t\t\t\t\t<\/div>\n\t\t\t\t<\/div>\n\t\t<div class=\"elementor-element elementor-element-9d5a2cd e-flex e-con-boxed e-con e-parent\" data-id=\"9d5a2cd\" data-element_type=\"container\">\n\t\t\t\t\t<div class=\"e-con-inner\">\n\t\t<div class=\"elementor-element elementor-element-5d4f4a0 e-con-full e-flex e-con e-child\" data-id=\"5d4f4a0\" data-element_type=\"container\">\n\t\t\t\t<div class=\"elementor-element elementor-element-57ff1d8 elementor-widget elementor-widget-text-editor\" data-id=\"57ff1d8\" data-element_type=\"widget\" data-widget_type=\"text-editor.default\">\n\t\t\t\t<div class=\"elementor-widget-container\">\n\t\t\t\t\t\t\t\t\t<h6 data-start=\"254\" data-end=\"277\"><strong data-start=\"751\" data-end=\"762\">Trullas<\/strong><\/h6><p data-start=\"764\" data-end=\"1165\">Durante la \u00e9poca navide\u00f1a, el Coro lleva su tradicional Trulla a pueblos y comunidades alrededor de Puerto Rico.<\/p><p data-start=\"764\" data-end=\"1165\"><br data-start=\"876\" data-end=\"879\" \/>Durante 38 a\u00f1os, estas presentaciones se han ofrecido gratuitamente como un regalo musical para las familias puertorrique\u00f1as, llevando alegr\u00eda, villancicos y el esp\u00edritu navide\u00f1o a todos los rincones de la isla.<\/p><p data-start=\"764\" data-end=\"1165\"><br data-start=\"1090\" data-end=\"1093\" \/>Es una de las actividades comunitarias m\u00e1s queridas y esperadas del a\u00f1o.<\/p>\t\t\t\t\t\t\t\t<\/div>\n\t\t\t\t<\/div>\n\t\t\t\t<\/div>\n\t\t<div class=\"elementor-element elementor-element-ff4f241 e-con-full e-flex e-con e-child\" data-id=\"ff4f241\" data-element_type=\"container\">\n\t\t\t\t<div class=\"elementor-element elementor-element-6a9e0ea elementor-widget elementor-widget-image\" data-id=\"6a9e0ea\" data-element_type=\"widget\" data-widget_type=\"image.default\">\n\t\t\t\t<div class=\"elementor-widget-container\">\n\t\t\t\t\t\t\t\t\t\t\t\t\t\t\t<img decoding=\"async\" width=\"800\" height=\"534\" src=\"https:\/\/corodeninosdesanjuan.org\/wp-content\/uploads\/2025\/11\/509608349_23916203958045733_6255154677379954556_n.jpg\" class=\"attachment-large size-large wp-image-859\" alt=\"\" srcset=\"https:\/\/corodeninosdesanjuan.org\/wp-content\/uploads\/2025\/11\/509608349_23916203958045733_6255154677379954556_n.jpg 994w, https:\/\/corodeninosdesanjuan.org\/wp-content\/uploads\/2025\/11\/509608349_23916203958045733_6255154677379954556_n-300x200.jpg 300w, https:\/\/corodeninosdesanjuan.org\/wp-content\/uploads\/2025\/11\/509608349_23916203958045733_6255154677379954556_n-768x512.jpg 768w, https:\/\/corodeninosdesanjuan.org\/wp-content\/uploads\/2025\/11\/509608349_23916203958045733_6255154677379954556_n-600x400.jpg 600w\" sizes=\"(max-width: 800px) 100vw, 800px\" \/>\t\t\t\t\t\t\t\t\t\t\t\t\t\t\t<\/div>\n\t\t\t\t<\/div>\n\t\t\t\t<\/div>\n\t\t\t\t\t<\/div>\n\t\t\t\t<\/div>\n\t\t<div class=\"elementor-element elementor-element-d7a6b49 e-flex e-con-boxed e-con e-parent\" data-id=\"d7a6b49\" data-element_type=\"container\">\n\t\t\t\t\t<div class=\"e-con-inner\">\n\t\t<div class=\"elementor-element elementor-element-58d5adf e-con-full e-flex e-con e-child\" data-id=\"58d5adf\" data-element_type=\"container\">\n\t\t\t\t<div class=\"elementor-element elementor-element-c9a7aa6 elementor-widget elementor-widget-text-editor\" data-id=\"c9a7aa6\" data-element_type=\"widget\" data-widget_type=\"text-editor.default\">\n\t\t\t\t<div class=\"elementor-widget-container\">\n\t\t\t\t\t\t\t\t\t<h6 data-start=\"1172\" data-end=\"1191\"><strong data-start=\"1177\" data-end=\"1191\">Conciertos<\/strong><\/h6><p data-start=\"1193\" data-end=\"1316\">Como parte de su calendario art\u00edstico, el Coro de Ni\u00f1os de San Juan presenta dos conciertos principales cada a\u00f1o escolar:<\/p><ul data-start=\"1317\" data-end=\"1393\"><li data-start=\"1317\" data-end=\"1357\"><p data-start=\"1319\" data-end=\"1357\"><strong data-start=\"1319\" data-end=\"1343\">Concierto de Navidad<\/strong> (diciembre)<\/p><\/li><li data-start=\"1358\" data-end=\"1393\"><p data-start=\"1360\" data-end=\"1393\"><strong data-start=\"1360\" data-end=\"1386\">Concierto de Primavera<\/strong> (mayo)<\/p><\/li><\/ul><p data-start=\"1395\" data-end=\"1599\">Ambos eventos marcan la culminaci\u00f3n del semestre y presentan los logros musicales de cada grupo. Es un momento donde los estudiantes demuestran su crecimiento vocal, t\u00e9cnica y musicalidad ante el p\u00fablico.<\/p>\t\t\t\t\t\t\t\t<\/div>\n\t\t\t\t<\/div>\n\t\t\t\t<\/div>\n\t\t<div class=\"elementor-element elementor-element-ad16c7a e-con-full e-flex e-con e-child\" data-id=\"ad16c7a\" data-element_type=\"container\">\n\t\t\t\t<div class=\"elementor-element elementor-element-89e2227 elementor-widget elementor-widget-image\" data-id=\"89e2227\" data-element_type=\"widget\" data-widget_type=\"image.default\">\n\t\t\t\t<div class=\"elementor-widget-container\">\n\t\t\t\t\t\t\t\t\t\t\t\t\t\t\t<img decoding=\"async\" width=\"800\" height=\"534\" src=\"https:\/\/corodeninosdesanjuan.org\/wp-content\/uploads\/2025\/11\/511023735_23946624005003728_6802582155164782018_n-1024x683.jpg\" class=\"attachment-large size-large wp-image-861\" alt=\"\" srcset=\"https:\/\/corodeninosdesanjuan.org\/wp-content\/uploads\/2025\/11\/511023735_23946624005003728_6802582155164782018_n-1024x683.jpg 1024w, https:\/\/corodeninosdesanjuan.org\/wp-content\/uploads\/2025\/11\/511023735_23946624005003728_6802582155164782018_n-300x200.jpg 300w, https:\/\/corodeninosdesanjuan.org\/wp-content\/uploads\/2025\/11\/511023735_23946624005003728_6802582155164782018_n-768x512.jpg 768w, https:\/\/corodeninosdesanjuan.org\/wp-content\/uploads\/2025\/11\/511023735_23946624005003728_6802582155164782018_n-1536x1024.jpg 1536w, https:\/\/corodeninosdesanjuan.org\/wp-content\/uploads\/2025\/11\/511023735_23946624005003728_6802582155164782018_n-600x400.jpg 600w, https:\/\/corodeninosdesanjuan.org\/wp-content\/uploads\/2025\/11\/511023735_23946624005003728_6802582155164782018_n.jpg 2048w\" sizes=\"(max-width: 800px) 100vw, 800px\" \/>\t\t\t\t\t\t\t\t\t\t\t\t\t\t\t<\/div>\n\t\t\t\t<\/div>\n\t\t\t\t<\/div>\n\t\t\t\t\t<\/div>\n\t\t\t\t<\/div>\n\t\t<div class=\"elementor-element elementor-element-21b0dba e-flex e-con-boxed e-con e-parent\" data-id=\"21b0dba\" data-element_type=\"container\">\n\t\t\t\t\t<div class=\"e-con-inner\">\n\t\t<div class=\"elementor-element elementor-element-a8c87bc e-con-full e-flex e-con e-child\" data-id=\"a8c87bc\" data-element_type=\"container\">\n\t\t\t\t<div class=\"elementor-element elementor-element-f382487 elementor-widget elementor-widget-text-editor\" data-id=\"f382487\" data-element_type=\"widget\" data-widget_type=\"text-editor.default\">\n\t\t\t\t<div class=\"elementor-widget-container\">\n\t\t\t\t\t\t\t\t\t<h6 data-start=\"1606\" data-end=\"1656\"><strong data-start=\"1611\" data-end=\"1656\">Convocatorias y Colaboraciones Especiales<\/strong><\/h6><p data-start=\"1658\" data-end=\"2028\">A lo largo del a\u00f1o, el Coro recibe invitaciones para participar en obras sinf\u00f3nicas, producciones oper\u00e1ticas y presentaciones junto a la <strong data-start=\"1795\" data-end=\"1832\">Orquesta Sinf\u00f3nica de Puerto Rico<\/strong> y otros coros profesionales de la isla.<\/p><p data-start=\"1658\" data-end=\"2028\"><br data-start=\"1872\" data-end=\"1875\" \/>Estas colaboraciones ofrecen experiencias art\u00edsticas de alto nivel para los estudiantes y fortalecen el aporte del Coro a la vida musical de Puerto Rico.<\/p>\t\t\t\t\t\t\t\t<\/div>\n\t\t\t\t<\/div>\n\t\t\t\t<\/div>\n\t\t<div class=\"elementor-element elementor-element-6564be2 e-con-full e-flex e-con e-child\" data-id=\"6564be2\" data-element_type=\"container\">\n\t\t\t\t<div class=\"elementor-element elementor-element-05b35e9 elementor-widget elementor-widget-image\" data-id=\"05b35e9\" data-element_type=\"widget\" data-widget_type=\"image.default\">\n\t\t\t\t<div class=\"elementor-widget-container\">\n\t\t\t\t\t\t\t\t\t\t\t\t\t\t\t<img loading=\"lazy\" decoding=\"async\" width=\"640\" height=\"960\" src=\"https:\/\/corodeninosdesanjuan.org\/wp-content\/uploads\/2025\/11\/61899565_2357246084368165_7170383785400205312_n.jpg\" class=\"attachment-large size-large wp-image-862\" alt=\"\" srcset=\"https:\/\/corodeninosdesanjuan.org\/wp-content\/uploads\/2025\/11\/61899565_2357246084368165_7170383785400205312_n.jpg 640w, https:\/\/corodeninosdesanjuan.org\/wp-content\/uploads\/2025\/11\/61899565_2357246084368165_7170383785400205312_n-200x300.jpg 200w, https:\/\/corodeninosdesanjuan.org\/wp-content\/uploads\/2025\/11\/61899565_2357246084368165_7170383785400205312_n-600x900.jpg 600w\" sizes=\"(max-width: 640px) 100vw, 640px\" \/>\t\t\t\t\t\t\t\t\t\t\t\t\t\t\t<\/div>\n\t\t\t\t<\/div>\n\t\t\t\t<\/div>\n\t\t\t\t\t<\/div>\n\t\t\t\t<\/div>\n\t\t\t\t<\/div>\n\t\t\n    <div class=\"xs_social_share_widget xs_share_url after_content \t\tmain_content  wslu-style-1 wslu-share-box-shaped wslu-fill-colored wslu-none wslu-share-horizontal wslu-theme-font-no wslu-main_content\">\n\n\t\t\n        <ul>\n\t\t\t        <\/ul>\n    <\/div> \n","protected":false},"excerpt":{"rendered":"<p>Las \u00c1reas de Presentaci\u00f3n re\u00fanen los proyectos art\u00edsticos, comunitarios y acad\u00e9micos que el Coro de Ni\u00f1os de San Juan desarrolla durante el a\u00f1o. Cada actividad refleja nuestra misi\u00f3n educativa, nuestro legado coral y el compromiso con la cultura musical de Puerto Rico. Misas Cantadas El Coro de Ni\u00f1os de San Juan mantiene viva la tradici\u00f3n [&hellip;]<\/p>\n","protected":false},"author":3,"featured_media":0,"parent":0,"menu_order":0,"comment_status":"closed","ping_status":"closed","template":"","meta":{"postBodyCss":"","postBodyMargin":[],"postBodyPadding":[],"postBodyBackground":{"backgroundType":"classic","gradient":""},"footnotes":""},"class_list":["post-857","page","type-page","status-publish","hentry"],"_links":{"self":[{"href":"https:\/\/corodeninosdesanjuan.org\/index.php?rest_route=\/wp\/v2\/pages\/857","targetHints":{"allow":["GET"]}}],"collection":[{"href":"https:\/\/corodeninosdesanjuan.org\/index.php?rest_route=\/wp\/v2\/pages"}],"about":[{"href":"https:\/\/corodeninosdesanjuan.org\/index.php?rest_route=\/wp\/v2\/types\/page"}],"author":[{"embeddable":true,"href":"https:\/\/corodeninosdesanjuan.org\/index.php?rest_route=\/wp\/v2\/users\/3"}],"replies":[{"embeddable":true,"href":"https:\/\/corodeninosdesanjuan.org\/index.php?rest_route=%2Fwp%2Fv2%2Fcomments&post=857"}],"version-history":[{"count":4,"href":"https:\/\/corodeninosdesanjuan.org\/index.php?rest_route=\/wp\/v2\/pages\/857\/revisions"}],"predecessor-version":[{"id":865,"href":"https:\/\/corodeninosdesanjuan.org\/index.php?rest_route=\/wp\/v2\/pages\/857\/revisions\/865"}],"wp:attachment":[{"href":"https:\/\/corodeninosdesanjuan.org\/index.php?rest_route=%2Fwp%2Fv2%2Fmedia&parent=857"}],"curies":[{"name":"wp","href":"https:\/\/api.w.org\/{rel}","templated":true}]}}